- 17. What is o(9)?
-8
Let d(p) = -7*p**3 + 2*p**2 + 5*p + 2. Determine d(-1).
6
Let g(w) = 4*w - 1. What is g(-4)?
-17
Let b(i) = 6*i. Calculate b(2).
12
Let o(d) = -d**2 + 4*d - 8. Calculate o(3).
-5
Let t(o) = o**2 - 10*o - 4. Give t(5).
-29
Let g(m) = -13*m - 35. What is g(-3)?
4
Let g(i) = -i**3 - 20*i**2 + 29*i + 52. Give g(-21).
-116
Let j(n) = -n**3 + 8*n**2 - 4*n - 11. Give j(8).
-43
Let p(f) = -f**3 + f**2 - 2*f + 1. Determine p(0).
1
Let f(v) = -v**2 - 6*v + 11. Determine f(-6).
11
Let m(u) = -8*u**2 + 1. Give m(-1).
-7
Let m(z) = -z**3 + 19*z**2 - 15*z - 32. Give m(18).
22
Let b(y) = 3*y - 2. Give b(3).
7
Let a(w) = -15*w**2 + w. Determine a(1).
-14
Let f(z) = 3*z - 58. Calculate f(22).
8
Let r(b) = -b - 13. Determine r(7).
-20
Let h(w) = -14*w - 162. What is h(-12)?
6
Let v(y) = -y**3 + 10*y**2 - 22*y + 5. Give v(5).
20
Let l(w) = -w**2 + 11*w - 4. What is l(6)?
26
Let y(s) = -s**3 + 16*s**2 - 47*s - 12. What is y(12)?
0
Let x(q) = q**2 + 3*q - 6. Give x(-4).
-2
Let j(n) = 3*n**2 + 3*n + 4. What is j(-2)?
10
Let v(a) = -4*a + 7. Determine v(4).
-9
Let w(n) = 2*n**3 - n**2 + 3*n + 2. What is w(2)?
20
Let x(b) = -b**3 - 11*b**2 + 15*b + 27. Determine x(-12).
-9
Let h(m) = m**2 + 8*m + 1. What is h(-4)?
-15
Let s(d) = -2*d**2 - 5*d + 26. Give s(-9).
-91
Let v(u) = -5*u - 26. What is v(-11)?
29
Let h(r) = r**2 - 22*r - 68. Calculate h(-3).
7
Let l(z) = z + 17. Calculate l(19).
36
Let m(n) = -14*n - 18. What is m(-3)?
24
Let z(o) = 9*o**2 + o - 2. Determine z(1).
8
Let p(i) = 12*i - 55. Give p(3).
-19
Let r(f) = 8*f + 146. What is r(-13)?
42
Let q(y) = y**3 - 22*y**2 + y - 29. Determine q(22).
-7
Let y(n) = 3*n - 13. Give y(7).
8
Let l(i) = i**3 + 18*i**2 + 56*i + 24. Calculate l(-14).
24
Let s(r) = -r - 63. Give s(15).
-78
Let v(a) = a**2 + a - 329. Give v(-19).
13
Let j(w) = 2*w + 2. Determine j(-2).
-2
Let j(y) = 15*y. What is j(-1)?
-15
Let v(c) = c**3 - 6*c**2 + 4*c + 8. Give v(5).
3
Let i(j) = -15*j + 9. Determine i(1).
-6
Let y(t) = t**3 + 10*t**2 - 76*t - 15. What is y(-15)?
0
Let k(d) = d**3 + 12*d**2 + 13*d + 2. Calculate k(-11).
-20
Let q(c) = 7*c + 73. What is q(-18)?
-53
Let t(f) = -f**3 - 7*f**2 + 9. Give t(-6).
-27
Let w(j) = j**3 - 8*j**2 + 3*j - 11. What is w(8)?
13
Let g(p) = p**3 + 2*p**2 + 3*p + 3. Determine g(-2).
-3
Let g(p) = p**2 - 4*p - 279. Give g(-15).
6
Let k(l) = l**3 + 2*l**2 - 5*l + 1. Determine k(2).
7
Let f(q) = 3*q**3 + q**2. What is f(1)?
4
Let l(h) = -23*h - 51. Determine l(-3).
18
Let g(q) = q**3 + 33*q**2 - 37*q - 111. Determine g(-34).
-9
Let s(y) = y**2 + 32*y + 135. What is s(-27)?
0
Let q(z) = z**2 - 2*z - 10. Determine q(7).
25
Let a(t) = t**2 + 13*t + 37. Give a(-5).
-3
Let v(s) = -s**2 - 2*s + 7. Determine v(-5).
-8
Let c(o) = o**3 - 2*o**2 - 1. Give c(4).
31
Let p(n) = n**3 - 4*n**2 - 4*n + 4. Give p(5).
9
Let t(y) = 298*y - 2378. Give t(8).
6
Let d(m) = -2*m - 3. Give d(-11).
19
Let q(r) = -5*r + 86. What is q(7)?
51
Let q(a) = a**3 - 12*a**2 + 6*a + 14. What is q(11)?
-41
Let a(h) = -h**3 - 5*h**2 + 7*h + 3. Give a(-6).
-3
Let d(w) = -7*w - 8. Calculate d(-2).
6
Let b(g) = -g**2 + 7*g + 9. Calculate b(6).
15
Let g(i) = i**3 - 6*i**2 + 5*i - 1. Determine g(6).
29
Let o(h) = 9*h**3 + 2*h**2 + h - 2. Determine o(1).
10
Let q(s) = -8*s + 7. Determine q(7).
-49
Let p(g) = g**2 + 4*g - 21. Calculate p(8).
75
Let c(b) = -b**3 - 17*b**2 - 30*b + 34. Calculate c(-15).
34
Let m(y) = 2*y**2 - 3*y - 2. Calculate m(3).
7
Let r(x) = x**3 + 28*x**2 + 53*x + 30. Calculate r(-26).
4
Let k(m) = m**2 - 11*m + 19. What is k(9)?
1
Let r(a) = 52*a + 150. Determine r(-3).
-6
Let w(j) = -97*j + 678. Give w(7).
-1
Let j(t) = -t**3 - 5*t**2 + 4*t - 6. Give j(-6).
6
Let l(m) = m**3 - 6*m**2 - 9*m + 10. What is l(7)?
-4
Let t(p) = 2*p**2 + 5*p + 3. What is t(-6)?
45
Let j(n) = n**3 + 7*n**2 - 10*n - 89. Calculate j(-6).
7
Let m(n) = 40*n + 228. Calculate m(-7).
-52
Let f(h) = 86*h + 175. Calculate f(-2).
3
Let y(g) = g**2 + 4*g - 131. Calculate y(10).
9
Let u(q) = q**2 + 2*q + 4. What is u(-3)?
7
Let z(f) = -24*f - 712. What is z(-29)?
-16
Let i(z) = -2*z**2 + 10*z + 55. Give i(9).
-17
Let z(o) = -o**3 - o**2 + 3*o + 17. Determine z(-5).
102
Let f(l) = 2*l**2 - 11*l + 3. Determine f(5).
-2
Let o(w) = w**2 + 24*w - 78. Give o(-20).
-158
Let r(q) = q**2 - 6*q - 18. Determine r(11).
37
Let s(u) = u**3 + 4*u**2 - 7*u - 7. Calculate s(-5).
3
Let a(p) = 3*p + 16. Determine a(-14).
-26
Let v(w) = -w**2 - 35*w - 90. What is v(-3)?
6
Let u(o) = -67*o + 268. Give u(4).
0
Let j(a) = -a**2 + 2*a - 1. Give j(1).
0
Let r(g) = 15*g + 34. Calculate r(-2).
4
Let m(i) = i**3 - 3*i**2 - i - 1. Determine m(-2).
-19
Let m(p) = -48*p + 9. What is m(-2)?
105
Let y(k) = -2*k**2 - 8*k + 7. What is y(-8)?
-57
Let d(t) = 2*t**2 - 105*t - 56. Give d(53).
-3
Let c(l) = 12*l + 15. Determine c(-2).
-9
Let w(x) = 2*x - 6. Give w(7).
8
Let g(k) = -k + 24. Give g(0).
24
Let u(v) = -v**3 - 15*v**2 + 16*v - 2. Determine u(-16).
-2
Let o(y) = y**2 + 14*y - 13. What is o(-14)?
-13
Let m(x) = -8*x + 45. Calculate m(0).
45
Let u(y) = y**2 - 7*y - 14. Give u(8).
-6
Let k(n) = n**3 + 9*n**2 - 8*n + 8. What is k(-10)?
-12
Let b(v) = 2*v + 4. Give b(8).
20
Let g(p) = p + 25. What is g(-15)?
10
Let t(n) = 3*n**2 - 70*n + 21. Calculate t(23).
-2
Let p(f) = -f**3 - 16*f**2 - 17*f - 25. What is p(-15)?
5
Let d(j) = j**3 + 12*j**2 + 3*j + 7. What is d(-12)?
-29
Let g(f) = -4*f + 36. Determine g(5).
16
Let h(o) = -35*o + 33. What is h(1)?
-2
Let n(c) = -c**2 - 7*c - 8. Give n(-5).
2
Let n(h) = -12*h**2 + 2*h + 2. Determine n(-1).
-12
Let i(q) = q**2 + 8*q. Give i(-7).
-7
Let o(a) = -a**3 - 3*a**2 + 3*a - 4. Calculate o(-4).
0
Let u(q) = 10*q - 34. What is u(14)?
106
Let p(n) = -16*n - 90. Give p(-6).
6
Let d(o) = 8*o**2 - 49*o - 1. Determine d(6).
-7
Let s(w) = 42*w - 4. Determine s(-1).
-46
Let z(j) = 2*j**2 - 39*j + 29. What is z(19)?
10
Let q(j) = j**2 - 39*j - 267. Calculate q(-6).
3
Let k(u) = u**3 + 50. Calculate k(0).
50
Let g(o) = o**3 + 33*o**2 + 242*o - 24. Give g(-22).
-24
Let n(h) = h**2 - 9*h - 29. What is n(14)?
41
Let b(o) = o - 65. Give b(9).
-56
Let r(y) = 3*y - 4. Give r(4).
8
Let b(w) = w**2 + 9*w - 8. Calculate b(-11).
14
Let i(o) = o**2 + 27*o + 72. Calculate i(-24).
0
Let h(p) = -p + 13. Give h(-14).
27
Let r(f) = -17*f + 180. Give r(11).
-7
Let q(a) = -11*a + 1. Give q(6).
-65
Let d(c) = -c**3 - 7*c**2 - c - 9. Determine d(-5).
-54
Let n(d) = -37*d + 39. Determine n(1).
2
Let y(k) = 2*k - 53. Give y(29).
5
Let p(g) = 9*g - 2. What is p(-1)?
-11
Let k(t) = -t**2 + 31*t + 32. Calculate k(30).
62
Let u(x) = -54*x + 41. Give u(4).
-175
Let z(f) = f**2 - 16*f + 20. Determine z(14).
-8
Let f(k) = -k + 35. What is f(0)?
35
Let o(d) = 19*d + 50. Give o(-3).
-7
Let r(i) = -24*i - 7. Give r(-6).
137
Let b(u) = 3*u**2 - 8*u + 10. What is b(4)?
26
Let m(r) = 4*r - 28. Calculate m(5).
-8
Let v(d) = d**3 + 6*d**2 - 3*d - 1. What is v(-3)?
35
Let f(s) = 6*s + 37. Give f(-10).
-23
Let k(d) = 17*d + 87. Calculate k(-6).
-15
Let d(f) = -3*f**2 + 3*f + 23. Calculate d(3).
5
Let y(f) = -2*f + 29. Calculate y(-6).
41
Let y(j) = -10*j + 65. Give y(7).
-5
Let w(z) = -z**3 - 5*z**2 + 13*z + 16. Calculate w(-6).
-26
Let x(m) = -m + 17. Give x(13).
4
Let a(g) = -2*g**3 + 12*g**2 - 13*g - 7. What is a(6)?
-85
Let w(n) = 2*n - 7. What is w(4)?
1
Let u(i) = -i**2 - 6*i + 3. Calculate u(-6).
3
Let l(n) = -n**3 + 5*n**2 + 10*n + 3. Give l(7).
-25
Let w(q) = q**2 + 7*q - 13. What is w(-9)?
5
Let d(p) = p - 5. Give d(4).
-1
Let h(a) = 2*a**2 + 26*a + 3. Calculate h(-13).
3
Let j(l) = l**3 + 3*l**2 + l - 5. Determine j(2).
17
Let t(y) = 6*y + 8. Determine t(-2).
-4
Let d(s) = 4*s - 2. What is d(-2)?
-10
Let v(n) = n**3 + 3*n**2 + 4*n + 3. Give v(-1).
1
Let d(c) = -c**2 - 6*c - 8. What is d(-5)?
-3
Let u(n) = -8*n + 7. What is u(-7)?
63
Let s(f) = -75*f + 156. Calculate s(2).
6
Let v(b) = 3*b - 3. Determine v(-1).
-6
Let l(v) = v**3 - 14*v**2 - 10*v - 45. Give l(15).
30
Let g(r) = r**3 - 5*r**2 + 6*r - 7. Give g(4).
1
Let y(p) = -4*p**2 - 50*p - 55. What is y(-12)?
-31
Let q(d) = 25*d**3 + 2*d**2 - 3*d + 2. Give q(1).
26
Let o(q) = -q**3 - 2*q**2 + 3*q - 2. Determine o(-3).
-2
Let u(l) = l**3 - 13*l**2 - 11*l + 2. Determine u(14).
44
Let k(w) = 5*w**2 - 73*w + 49. What is